 ten thousands digit of 139205122?
0
What is the ten millions digit of 25789443?
2
What is the hundred thousands digit of 153830105?
8
What is the ten millions digit of 2921849073?
2
What is the tens digit of 220852024?
2
What is the hundreds digit of 460599545?
5
What is the hundred thousands digit of 1812290472?
2
What is the thousands digit of 2181142504?
2
What is the ten thousands digit of 672879554?
7
What is the millions digit of 542114580?
2
What is the hundred thousands digit of 196488294?
4
What is the hundreds digit of 1982011247?
2
What is the hundred thousands digit of 376784540?
7
What is the units digit of 155961676?
6
What is the ten thousands digit of 78776052?
7
What is the billions digit of 1035334473?
1
What is the hundred thousands digit of 399734900?
7
What is the ten millions digit of 3269794762?
6
What is the hundred thousands digit of 358613849?
6
What is the millions digit of 17950792?
7
What is the tens digit of 4448448667?
6
What is the units digit of 1169500415?
5
What is the ten thousands digit of 211812635?
1
What is the tens digit of 3255664481?
8
What is the hundred thousands digit of 704552594?
5
What is the millions digit of 14109803?
4
What is the thousands digit of 875470?
5
What is the ten millions digit of 103773157?
0
What is the tens digit of 267115629?
2
What is the thousands digit of 3170014524?
4
What is the ten thousands digit of 997608415?
0
What is the ten thousands digit of 552150312?
5
What is the thousands digit of 511120184?
0
What is the tens digit of 59800096?
9
What is the units digit of 37762042?
2
What is the thousands digit of 203181418?
1
What is the billions digit of 1533553242?
1
What is the thousands digit of 25112179?
2
What is the hundred thousands digit of 29973296?
9
What is the hundreds digit of 4215321520?
5
What is the units digit of 268795537?
7
What is the units digit of 506229170?
0
What is the millions digit of 4120111660?
0
What is the ten millions digit of 557417357?
5
What is the thousands digit of 107982208?
2
What is the ten millions digit of 644024428?
4
What is the tens digit of 5558870948?
4
What is the hundreds digit of 982597994?
9
What is the ten millions digit of 48107556?
4
What is the thousands digit of 337622987?
2
What is the tens digit of 534466?
6
What is the hundred millions digit of 376761099?
3
What is the units digit of 623745518?
8
What is the hundred millions digit of 124477717?
1
What is the units digit of 199223?
3
What is the units digit of 74397033?
3
What is the units digit of 62508368?
8
What is the hundreds digit of 39898739?
7
What is the millions digit of 4103307620?
3
What is the ten millions digit of 2252326602?
5
What is the ten thousands digit of 2306877234?
7
What is the hundreds digit of 7593095?
0
What is the millions digit of 174699437?
4
What is the hundred thousands digit of 210209794?
2
What is the hundreds digit of 1359491?
4
What is the hundreds digit of 365214124?
1
What is the hundred millions digit of 269839953?
2
What is the ten thousands digit of 9033466?
3
What is the thousands digit of 1369992379?
2
What is the ten millions digit of 23179990?
2
What is the units digit of 89763757?
7
What is the hundreds digit of 125025231?
2
What is the ten millions digit of 315629206?
1
What is the units digit of 145830245?
5
What is the hundred thousands digit of 760960360?
9
What is the hundred thousands digit of 28204096?
2
What is the tens digit of 42789754?
5
What is the ten millions digit of 642173810?
4
What is the tens digit of 373438728?
2
What is the thousands digit of 428782454?
2
What is the units digit of 18942051?
1
What is the hundred thousands digit of 19967512?
9
What is the hundred thousands digit of 16462475?
4
What is the thousands digit of 510029884?
9
What is the hundreds digit of 43561492?
4
What is the ten millions digit of 793615137?
9
What is the thousands digit of 106816079?
6
What is the thousands digit of 422705351?
5
What is the millions digit of 489055310?
9
What is the hundred thousands digit of 416593177?
5
What is the thousands digit of 75897806?
7
What is the units digit of 2570568?
8
What is the hundreds digit of 161372116?
1
What is the hundred thousands digit of 4217674561?
6
What is the thousands digit of 17870451?
0
What is the thousands digit of 755840125?
0
What is the hundreds digit of 1099565475?
4
What is the millions digit of 4203072812?
3
What is the millions digit of 19832225?
9
What is the hundred thousands digit of 916216807?
2
What is the hundreds digit of 81231252?
2
What is the tens digit of 2126708735?
3
What is the millions digit of 2653648001?
3
What is the hundred millions digit of 2023530089?
0
What is the ten millions digit of 2658377954?
5
What is the tens digit of 122082545?
4
What is the tens digit of 19343654?
5
What is the tens digit of 161532987?
8
What is the hundreds digit of 218403762?
7
What is the ten thousands digit of 26235931?
3
What is the millions digit of 20455920?
0
What is the ten millions digit of 28479905?
2
What is the units digit of 19567064?
4
What is the millions digit of 34676279?
4
What is the ten thousands digit of 94587279?
8
What is the tens digit of 4436789079?
7
What is the thousands digit of 8672009?
2
What is the hundred thousands digit of 81146360?
1
What is the ten millions digit of 312349140?
1
What is the units digit of 2622034926?
6
What is the hundred millions digit of 317613984?
3
What is the hundreds digit of 5078438?
4
What is the ten millions digit of 86298087?
8
What is the thousands digit of 57861357?
1
What is the hundred millions digit of 359587536?
3
What is the tens digit of 9601534?
3
What is the ten millions digit of 259810598?
5
What is the ten millions digit of 243014614?
4
What is the tens digit of 1023362132?
3
What is the hundreds digit of 128976750?
7
What is the ten millions digit of 522835705?
2
What is the billions digit of 1032805423?
1
What is the hundred thousands digit of 192924212?
9
What is the hundred thousands digit of 221837985?
8
What is the ten millions digit of 4103697355?
0
What is the tens digit of 40574540?
4
What is the ten millions digit of 50223924?
5
What is the hundred millions digit of 4603498468?
6
What is the units digit of 360592121?
1
What is the ten thousands digit of 12769483?
6
What is the millions digit of 1022958087?
2
What is the ten millions digit of 832232865?
3
What is the ten thousands digit of 23407609?
0
What is the ten thousands digit of 57071871?
7
What is the ten thousands digit of 184331099?
3
What is the hundred thousands digit of 27221885?
2
What is the hundred thousands digit of 69088056?
0
What is the hundred millions digit of 483152228?
4
What is the ten millions digit of 528121989?
2
What is the thousands digit of 2982259267?
9
What is the units digit of 458855137?
7
What is the thousands digit of 1071702129?
2
What is the thousands digit of 560417023?
7
What is the hundred thousands digit of 1213563653?
5
What is the units digit of 2457103424?
4
What is the ten millions digit of 621886680?
2
What is the ten thousands digit of 933810350?
1
What is the ten millions digit of 4306209126?
0
What is the hundred millions digit of 266888263?
2
What is the billions digit of 4756766221?
4
What is the millions digit of 1660360176?
0
What is the thousands digit of 5223871585?
1
What is the hundreds digit of 288810287?
2
What is the millions digit of 76764537?
6
What is the hundred thousands digit of 24337973?
3
What is the ten thousands digit of 1568389551?
8
What is the billions digit of 2179333277?
2
What is the thousands digit of 78937224?
7
What is the ten thousands digit of 475934976?
3
What is the ten millions digit of 4738247709?
3
What is the hundreds digit of 750731891?
8
What is the thousands digit of 1873181665?
1
What is the ten thousands digit of 195171769?
7
What is the units digit of 2295247586?
6
What is the hundred thousands digit of 47944310?
9
What is the millions digit of 1661844368?
1
What is the thousands digit of 15717370?
7
What is the units digit of 1861970622?
2
What is the hundreds digit of 204031844?
8
What is the ten millions digit of 49219434?
4
What is the thousands digit of 50796848?
6
What is the hundred millions digit of 2274012856?
2
What is th